 be g + 0 - (1 + -4). Suppose 4*c = 2*s - 64, -s + 4*s + 2*c - 64 = 0. What is the greatest common divisor of s and q?
12
Let x = -652 + 652. Suppose x = -19*w + 199 - 9. Calculate the greatest common factor of w and 80.
10
Let j = 6529 + -6347. Calculate the greatest common divisor of j and 5.
1
Let j be ((-252)/24)/((-6)/4 - -1). Let l = -17 + j. Suppose -z + 60 = l*z. Calculate the highest common divisor of z and 6.
6
Let u(r) = 14*r + 626. Suppose 0 = -s + 65 - 96. Let v be u(s). Let a(l) = -5*l - 1. Let q be a(-5). What is the highest common factor of v and q?
24
Let r(y) = y + 94. Let h be r(-38). What is the greatest common divisor of 264 and h?
8
Let s = 207 + -170. Suppose 28*u + 468 = s*u. What is the highest common factor of 156 and u?
52
Let k = 3531 + -3473. Calculate the highest common divisor of k and 667.
29
Let p = 1556 + -1142. Calculate the greatest common divisor of p and 184.
46
Suppose -10*d - 90 = 50. Let h(s) = -s**3 - 12*s**2 + 27*s - 8. Let k be h(d). What is the highest common factor of 48 and k?
6
Let r be (-3)/6*(13 + -1305). What is the highest common divisor of 133 and r?
19
Let c(b) = -b**3 + 11*b**2 - 4*b - 4. Suppose 4*p - 5 = s - 2, -s + 3*p = 1. Let x be c(s). What is the greatest common divisor of x and 84?
42
Suppose 21*c - 94137 = -23*c + 9527. Calculate the highest common divisor of 684 and c.
76
Let u(l) = -l**2 + 11*l + 5. Let i be u(6). Suppose -155 = -4*o + 5*o. Let w = 169 + o. Calculate the greatest common factor of w and i.
7
Let n(w) = -w**3 - 18*w**2 - 81*w + 24. Let f be n(-10). Let q be 2*(-2 + 0) - -5. Let c be q*3 - (19 + -50). Calculate the highest common factor of f and c.
34
Suppose j = 23 - 28. Let s be (4 - (-6 - j)) + 439. What is the greatest common factor of 12 and s?
12
Suppose x - 59 = 179*p - 184*p, 4*x = -3*p + 151. Calculate the highest common factor of 7769 and x.
17
Suppose -11*z + 73 = -15. Suppose z*k + 1064 = 22*k. Calculate the highest common factor of 133 and k.
19
Let p(s) = 2*s**2 + 74*s + 36. Let n be p(-42). What is the highest common factor of n and 6?
6
Let k be (-447 - 7)/(-2) - (-4)/(-1 - 1). What is the greatest common factor of 6570 and k?
45
Let z(x) = -x**3 + 49*x**2 - 58*x + 235. Let t be z(47). What is the greatest common divisor of 410 and t?
41
Suppose -4*g - 3*k = -2*k + 133, g + 42 = -2*k. Let z = g + 208. Let y be (19 - (-23 + 18)) + -8. What is the highest common divisor of z and y?
16
Suppose 0 = -4*j - 2*g + 1038, -75*j + 2*g - 1797 = -82*j. Let q = 36 - 25. Calculate the greatest common factor of j and q.
11
Let z be (4/14)/((-2)/14) - -2. Suppose -5*j - 209 = 3*g - z*j, g = 4*j - 47. Let v be (-33)/(-7) + (-18)/g. Calculate the greatest common factor of 5 and v.
5
Let l(r) = 4*r**2 + 3. Let w be l(-3). Let m = -41 + w. Let u be 7 + 3/(m + 1). Calculate the greatest common divisor of u and 12.
4
Let g = -54 - 39. Let l = -91 - g. Let t = 0 + 4. Calculate the greatest common factor of l and t.
2
Let h(a) = 113*a - 691. Let t be h(7). Let g be -83 - 4 - 2/(-2). Let y = g + t. Calculate the highest common factor of y and 42.
14
Suppose -414*s = -41202 - 147168. Calculate the greatest common factor of 1295 and s.
35
Let s(t) = -t**3 + 50*t**2 + 162*t - 15. Let d be s(53). Suppose -22 - 5 = -3*l. Suppose 0 = -z - 0 + l. What is the highest common divisor of d and z?
9
Let s = -5 + 11. Let d be (-88)/(-18)*-11 + s/(-27). Let m = -40 - d. Calculate the highest common divisor of 42 and m.
14
Suppose -4*c - 120 = -3*y - 456, 4*y + 448 = 2*c. Let s = y + 143. Calculate the greatest common divisor of s and 341.
31
Let x be 1 - (1 + 0) - 330/(-110). Let g be 3/(-9) + (-14)/(-6). Suppose -27 = -2*l - 5*d, -x*d = g*d + 5. Calculate the greatest common factor of l and 72.
8
Suppose 2*l - 10 = -2*c, -2*l = 6*c - c - 22. Let v be (-3132)/(-30) - c/10. Suppose 0 = -2*t + 216 - v. What is the greatest common factor of t and 14?
14
Let q(v) = -10 - 2*v + 91 + 37 - v. Let a be q(36). Calculate the highest common divisor of 85 and a.
5
Let x = -6009 + 6032. Suppose 2*y + 92 = 4*m, -m = 4*m - 3*y - 115. Calculate the highest common factor of x and m.
23
Suppose -3*w - 12 = 3*s - 4*s, -5*w = -5*s + 70. Let n be (6 + -41)*(-6)/s. What is the greatest common divisor of n and 56?
14
Let r be (-4453)/(-9) - (-4)/18. What is the highest common divisor of 110 and r?
55
Suppose 5*h - 4*o - 37 = 0, 4*h - 9 = -4*o + 35. Suppose -4*a = -2*x + 38, a - h = -2*x + 9. Calculate the greatest common divisor of 869 and x.
11
Let l be 206/(-14) - ((-40)/35)/(-4). Let r be (2 + (-56)/10)*l/9. Suppose c - 17 - 1 = 0. Calculate the highest common factor of c and r.
6
Let d = 287 + -278. Let w(p) = -p**3 + 13*p**2 - 33*p - 19. Let r be w(d). Calculate the highest common divisor of r and 872.
8
Let j be -3 + 0/5 + 56. Let i = -49 + j. Suppose u + 10 = -i*u, 82 = 5*x - u. What is the greatest common divisor of 2 and x?
2
Let h(i) = 39*i - 108. Let c be h(-19). Let w = -277 - c. What is the greatest common factor of w and 44?
44
Let t be (-2)/3 - 92416/(-96). Suppose 14*z = 88 + t. Calculate the greatest common divisor of z and 105.
15
Suppose 95*i = 63*i + 128. What is the greatest common divisor of 158 and i?
2
Suppose -83*f + 215 = -78*f. Suppose 38*l + 805 = f*l. What is the greatest common divisor of 7 and l?
7
Suppose 0*x = 6*x - 24. Suppose -x*b - 14*k + 1059 = -19*k, -b = 3*k - 252. Calculate the greatest common factor of b and 9.
9
Let v be (-1)/(1332/(-267) - -5). Let d be (14 - 0)*(v - -91). Calculate the greatest common divisor of d and 8.
4
Suppose -7*h + a = -8*h, 0 = -4*h + 5*a + 18. Suppose h*l = 2*i + i - 157, -267 = -5*i + 2*l. What is the highest common divisor of i and 220?
55
Let f = -208 + 320. Calculate the greatest common factor of f and 518.
14
Let f(o) = -o**2 + 72*o - 385. Let c be f(7). What is the highest common factor of 190 and c?
10
Let r(u) = 7*u + 332. Let o be r(14). What is the greatest common factor of o and 40?
10
Let x(u) = -u**2 + 37*u + 564. Let a be x(-11). What is the highest common factor of 4014 and a?
18
Let s(v) = 6 + 93*v**3 + 18*v**2 - 44*v**3 - 50*v**3. Let j be s(18). What is the greatest common divisor of 42 and j?
6
Let i be (-4 - 7)/(43/(-602)). What is the highest common factor of 6 and i?
2
Suppose -10*v - 14*v = -6768. What is the greatest common divisor of v and 48?
6
Let k = -4344 + 4515. What is the greatest common factor of k and 576?
9
Let m(p) = 4*p + 2. Let k be m(2). Let y be (95 + -59)*19/4. Suppose 0 = 173*z - y*z - 8. Calculate the highest common factor of z and k.
2
Let h(n) = 33*n**2 - 243*n - 3024. Let t be h(-12). What is the highest common divisor of t and 645?
129
Let t be (-3 + 39)*(-3)/(-2). Let y(m) = 142*m**3 - 3*m**2 - 86*m + 91. Let o be y(1). What is the highest common factor of t and o?
18
Suppose 4*z - k - 5 = -2, 5*k = 25. Suppose -8*l + z*l + 156 = 0. Suppose 0 = 5*h - 302 - 23. What is the highest common factor of h and l?
13
Let o = -25 - -26. Let t be (-2 + o)*18*(-7)/2. Let m = t - 45. What is the greatest common divisor of 12 and m?
6
Let k(u) = -u - 33. Let m be k(-14). Let s = -29 - m. Let v be ((-8)/s)/(11/3025). What is the highest common factor of 88 and v?
44
Let y(s) = -183*s + 521. Let a be y(-65). What is the highest common factor of a and 97?
97
Suppose 20*x - 2197 + 437 = 9*x. What is the greatest common factor of 24 and x?
8
Let z be (-70)/(-2) + (-3)/(-3). Let w be 441/(-6)*(-12)/9. Suppose w*x = 106*x - 96. Calculate the highest common divisor of x and z.
12
Let j(f) = -f**3 + 37*f**2 - 31*f - 55. Let g be j(36). What is the highest common divisor of g and 52375?
125
Suppose -12*v = -831 - 1017. Let y(g) = -2*g**3 + 1. Let i be y(-1). Suppose -i*o + 77 - 11 = 0. Calculate the greatest common divisor of v and o.
22
Let b = -467 - -477. Let k be -16 + b - -8*22. Calculate the highest common divisor of k and 34.
34
Let s(f) = -17*f**2 + 5*f. Let y be s(-3). Let x = y + 354. What is the greatest common factor of 12 and x?
6
Let d = 6 - -4. Suppose -3*l = 4*p - 568, -54*p - 2*l = -57*p + 443. What is the greatest common divisor of d and p?
5
Suppose -8*c + 216 = -88. Let f(u) = u - 4. Suppose 4*h - 23 - 1 = 0. Let g be f(h). Calculate the greatest common divisor of g and c.
2
Let t(o) = -84*o - 